{"id":78,"date":"2021-08-15T12:13:10","date_gmt":"2021-08-15T10:13:10","guid":{"rendered":"https:\/\/skomakarlyckan.se\/?page_id=78"},"modified":"2021-10-07T20:53:29","modified_gmt":"2021-10-07T18:53:29","slug":"hem","status":"publish","type":"page","link":"https:\/\/skomakarlyckan.se\/index.php\/hem\/","title":{"rendered":"Hem"},"content":{"rendered":"\n<p>Sista kv\u00e4llen h\u00e4r p\u00e5 Senoren. Imorgon b\u00e4r det av. Vi vintrar till det i tr\u00e4dg\u00e5rden, b\u00e4r in sommarm\u00f6bler, st\u00e4nger av vattnet och g\u00f6r klart allt h\u00e4r f\u00f6r att kunna vara borta en m\u00e5nad.<\/p>\n\n\n\n<p>Sv\u00e5rt att veta hur varma kl\u00e4der vi ska packa. Hur kallt blir det i Provence i november? M\u00f6ssa? Vi kollar <a href=\"https:\/\/www.yr.no\/nb\/v%C3%A6rvarsel\/daglig-tabell\/2-3038354\/Frankrike\/Provence-Alpes-C%C3%B4te%20d'Azur\/Bouches-du-Rh%C3%B4ne\/Aix-en-Provence\">v\u00e4dret<\/a>.<\/p>\n\n\n\n<p>Ett sista morgondopp innan vi \u00e5ker till K\u00f6penhamn:<\/p>\n\n\n\n<figure class=\"wp-block-image size-full\"><img loading=\"lazy\" decoding=\"async\" width=\"600\" height=\"800\" src=\"https:\/\/skomakarlyckan.se\/wp-content\/uploads\/2021\/10\/20211001_080211-600x800-1-rotated.jpg\" alt=\"\" class=\"wp-image-160\" srcset=\"https:\/\/skomakarlyckan.se\/wp-content\/uploads\/2021\/10\/20211001_080211-600x800-1-rotated.jpg 600w, https:\/\/skomakarlyckan.se\/wp-content\/uploads\/2021\/10\/20211001_080211-600x800-1-225x300.jpg 225w, https:\/\/skomakarlyckan.se\/wp-content\/uploads\/2021\/10\/20211001_080211-600x800-1-525x700.jpg 525w\" sizes=\"auto, (max-width: 600px) 100vw, 600px\" \/><\/figure>\n\n\n\n<p><\/p>\n\n\n\n<p><\/p>\n","protected":false},"excerpt":{"rendered":"<p>Sista kv\u00e4llen h\u00e4r p\u00e5 Senoren. Imorgon b\u00e4r det av. Vi vintrar till det i tr\u00e4dg\u00e5rden, b\u00e4r in sommarm\u00f6bler, st\u00e4nger av vattnet och g\u00f6r klart allt h\u00e4r f\u00f6r att kunna vara borta en m\u00e5nad. Sv\u00e5rt att veta hur varma kl\u00e4der vi ska packa. Hur kallt blir det i Provence i november? M\u00f6ssa? Vi kollar v\u00e4dret. Ett&#8230;<\/p>\n","protected":false},"author":1,"featured_media":42,"parent":0,"menu_order":0,"comment_status":"closed","ping_status":"closed","template":"","meta":{"footnotes":""},"class_list":["post-78","page","type-page","status-publish","has-post-thumbnail","hentry"],"_links":{"self":[{"href":"https:\/\/skomakarlyckan.se\/index.php\/wp-json\/wp\/v2\/pages\/78","targetHints":{"allow":["GET"]}}],"collection":[{"href":"https:\/\/skomakarlyckan.se\/index.php\/wp-json\/wp\/v2\/pages"}],"about":[{"href":"https:\/\/skomakarlyckan.se\/index.php\/wp-json\/wp\/v2\/types\/page"}],"author":[{"embeddable":true,"href":"https:\/\/skomakarlyckan.se\/index.php\/wp-json\/wp\/v2\/users\/1"}],"replies":[{"embeddable":true,"href":"https:\/\/skomakarlyckan.se\/index.php\/wp-json\/wp\/v2\/comments?post=78"}],"version-history":[{"count":5,"href":"https:\/\/skomakarlyckan.se\/index.php\/wp-json\/wp\/v2\/pages\/78\/revisions"}],"predecessor-version":[{"id":162,"href":"https:\/\/skomakarlyckan.se\/index.php\/wp-json\/wp\/v2\/pages\/78\/revisions\/162"}],"wp:featuredmedia":[{"embeddable":true,"href":"https:\/\/skomakarlyckan.se\/index.php\/wp-json\/wp\/v2\/media\/42"}],"wp:attachment":[{"href":"https:\/\/skomakarlyckan.se\/index.php\/wp-json\/wp\/v2\/media?parent=78"}],"curies":[{"name":"wp","href":"https:\/\/api.w.org\/{rel}","templated":true}]}}